{"id":21,"date":"2021-05-19T20:54:36","date_gmt":"2021-05-19T20:54:36","guid":{"rendered":"https:\/\/neu.gardinenstuebchen.net\/?page_id=21"},"modified":"2023-08-23T06:21:19","modified_gmt":"2023-08-23T06:21:19","slug":"ueber-uns","status":"publish","type":"page","link":"https:\/\/neu.gardinenstuebchen.net\/?page_id=21","title":{"rendered":"\u00dcber uns"},"content":{"rendered":"\t\t<div data-elementor-type=\"wp-page\" data-elementor-id=\"21\" class=\"elementor elementor-21\">\n\t\t\t\t\t\t<section class=\"elementor-section elementor-top-section elementor-element elementor-element-3be2d56 elementor-section-boxed elementor-section-height-default elementor-section-height-default\" data-id=\"3be2d56\" data-element_type=\"section\">\n\t\t\t\t\t\t<div class=\"elementor-container elementor-column-gap-default\">\n\t\t\t\t\t<div class=\"elementor-column elementor-col-50 elementor-top-column elementor-element elementor-element-eb15f93\" data-id=\"eb15f93\" data-element_type=\"column\">\n\t\t\t<div class=\"elementor-widget-wrap elementor-element-populated\">\n\t\t\t\t\t\t<div class=\"elementor-element elementor-element-19c8d34 elementor-widget elementor-widget-text-editor\" data-id=\"19c8d34\" data-element_type=\"widget\" data-widget_type=\"text-editor.default\">\n\t\t\t\t<div class=\"elementor-widget-container\">\n\t\t\t\t\t\t\t\t\t<p>Herzlich willkommen im Gardinenst\u00fcbchen.<\/p>\n<p>Seit \u00fcber 20 Jahren beraten, n\u00e4hen, dekorieren und montieren wir mit Begeisterung und Liebe zum Detail f\u00fcr unsere Kunden.<\/p>\n<p>Sie finden bei uns eine gro\u00dfe Auswahl an Gardinenstoffen mit trendigen Mustern, moderne und fr\u00f6hlich bunte Farben und klassische Designs und f\u00fcr jeden Geschmack.<\/p>\n<p>Wir arbeiten unter anderem mit renommierten Firmen wie Heco, Unland und Interstil zusammen aus deren Sortiment wir unsere Stoffe, Plissee sowie Gardinenzubeh\u00f6r beziehen.<\/p>\n<p>Gerne beraten wir sie pers\u00f6nlich und gestalten ihre Fenster nach individuellen Ideen und Vorschl\u00e4gen in unserem eigenen Showroom in dem Sie aus \u00fcber 500 Stoffen w\u00e4hlen k\u00f6nnen.<br \/>Die Gardinen fertigen wir in unserem Hause nach gr\u00f6\u00dftem handwerklichem und langj\u00e4hrigem Geschick. Auch die Montage und Dekoration der Gardinen oder Plissee sind f\u00fcr uns ein selbstverst\u00e4ndlicher Service.<br \/>Schaffen sie mit uns gemeinsam ein individuelles Ambiente in dem sie sich wohl f\u00fchlen.<\/p>\n<p>Wir freuen uns auf Ihre Kontaktaufnahme \u00a0 \u00a0 \u00a0 \u00a0 \u00a0 \u00a0 \u00a0 \u00a0 \u00a0 \u00a0 \u00a0 \u00a0 \u00a0 \u00a0 \u00a0 \u00a0 \u00a0 \u00a0 \u00a0 \u00a0 \u00a0 \u00a0 \u00a0 \u00a0 \u00a0 \u00a0 \u00a0\u00a0<\/p>\n<p>Birgit und Eugen Franz<\/p>\t\t\t\t\t\t\t\t<\/div>\n\t\t\t\t<\/div>\n\t\t\t\t\t<\/div>\n\t\t<\/div>\n\t\t\t\t<div class=\"elementor-column elementor-col-50 elementor-top-column elementor-element elementor-element-5f99846\" data-id=\"5f99846\" data-element_type=\"column\">\n\t\t\t<div class=\"elementor-widget-wrap elementor-element-populated\">\n\t\t\t\t\t\t<div class=\"elementor-element elementor-element-31c0da6 elementor-widget elementor-widget-image\" data-id=\"31c0da6\" data-element_type=\"widget\" data-widget_type=\"image.default\">\n\t\t\t\t<div class=\"elementor-widget-container\">\n\t\t\t\t\t\t\t\t\t\t\t\t\t\t\t<img decoding=\"async\" width=\"160\" height=\"126\" src=\"https:\/\/neu.gardinenstuebchen.net\/wp-content\/uploads\/2021\/05\/DSC_0473.jpg\" class=\"attachment-large size-large wp-image-114\" alt=\"\" \/>\t\t\t\t\t\t\t\t\t\t\t\t\t\t\t<\/div>\n\t\t\t\t<\/div>\n\t\t\t\t\t<\/div>\n\t\t<\/div>\n\t\t\t\t\t<\/div>\n\t\t<\/section>\n\t\t\t\t<\/div>\n\t\t","protected":false},"excerpt":{"rendered":"<p>Herzlich willkommen im Gardinenst\u00fcbchen. Seit \u00fcber 20 Jahren beraten, n\u00e4hen, dekorieren und montieren wir mit Begeisterung und Liebe zum Detail f\u00fcr unsere Kunden. Sie finden bei uns eine gro\u00dfe Auswahl an Gardinenstoffen mit trendigen Mustern, moderne und fr\u00f6hlich bunte Farben und klassische Designs und f\u00fcr jeden Geschmack. Wir arbeiten unter anderem mit renommierten Firmen wie [&hellip;]<\/p>\n","protected":false},"author":1,"featured_media":0,"parent":0,"menu_order":0,"comment_status":"closed","ping_status":"closed","template":"","meta":{"footnotes":""},"class_list":["post-21","page","type-page","status-publish","hentry","entry"],"_links":{"self":[{"href":"https:\/\/neu.gardinenstuebchen.net\/index.php?rest_route=\/wp\/v2\/pages\/21","targetHints":{"allow":["GET"]}}],"collection":[{"href":"https:\/\/neu.gardinenstuebchen.net\/index.php?rest_route=\/wp\/v2\/pages"}],"about":[{"href":"https:\/\/neu.gardinenstuebchen.net\/index.php?rest_route=\/wp\/v2\/types\/page"}],"author":[{"embeddable":true,"href":"https:\/\/neu.gardinenstuebchen.net\/index.php?rest_route=\/wp\/v2\/users\/1"}],"replies":[{"embeddable":true,"href":"https:\/\/neu.gardinenstuebchen.net\/index.php?rest_route=%2Fwp%2Fv2%2Fcomments&post=21"}],"version-history":[{"count":14,"href":"https:\/\/neu.gardinenstuebchen.net\/index.php?rest_route=\/wp\/v2\/pages\/21\/revisions"}],"predecessor-version":[{"id":489,"href":"https:\/\/neu.gardinenstuebchen.net\/index.php?rest_route=\/wp\/v2\/pages\/21\/revisions\/489"}],"wp:attachment":[{"href":"https:\/\/neu.gardinenstuebchen.net\/index.php?rest_route=%2Fwp%2Fv2%2Fmedia&parent=21"}],"curies":[{"name":"wp","href":"https:\/\/api.w.org\/{rel}","templated":true}]}}